ltiple of 5?
False
Does 32 divide 486?
False
Is 29 a factor of 8149?
True
Is 22239 a multiple of 53?
False
Does 32 divide 19232?
True
Is 1417 a multiple of 109?
True
Does 14 divide 2184?
True
Is 1404 a multiple of 2?
True
Does 3 divide 454?
False
Is 15271 a multiple of 25?
False
Does 22 divide 6328?
False
Is 9 a factor of 1268?
False
Is 24660 a multiple of 12?
True
Is 308 a multiple of 14?
True
Does 30 divide 6397?
False
Is 16 a factor of 19120?
True
Is 34 a factor of 1141?
False
Is 58563 a multiple of 371?
False
Is 261 a factor of 27402?
False
Is 11 a factor of 8649?
False
Is 71993 a multiple of 10?
False
Does 24 divide 960?
True
Does 5 divide 3361?
False
Does 90 divide 75690?
True
Does 2 divide 226?
True
Is 159 a multiple of 16?
False
Does 15 divide 1470?
True
Does 5 divide 213?
False
Is 1834 a multiple of 53?
False
Is 7 a factor of 7006?
False
Is 8 a factor of 1199?
False
Is 6962 a multiple of 59?
True
Is 15300 a multiple of 153?
True
Is 1872 a multiple of 12?
True
Is 37152 a multiple of 24?
True
Is 90 a factor of 720?
True
Does 4 divide 13428?
True
Does 90 divide 1450?
False
Does 12 divide 480?
True
Does 4 divide 530?
False
Does 25 divide 2225?
True
Is 181 a multiple of 30?
False
Does 86 divide 4988?
True
Is 33705 a multiple of 107?
True
Does 19 divide 2831?
True
Is 3399 a multiple of 161?
False
Does 114 divide 26676?
True
Is 4355 a multiple of 13?
True
Does 9 divide 286?
False
Is 6 a factor of 206?
False
Is 3 a factor of 483?
True
Is 125 a multiple of 25?
True
Is 32 a factor of 1992?
False
Does 8 divide 1323?
False
Is 95 a factor of 4530?
False
Is 12 a factor of 108?
True
Does 10 divide 41467?
False
Does 8 divide 106?
False
Is 89 a factor of 1691?
True
Does 21 divide 3213?
True
Is 40 a factor of 15120?
True
Is 15 a factor of 23835?
True
Does 7 divide 56?
True
Does 6 divide 726?
True
Is 2612 a multiple of 27?
False
Does 4 divide 5991?
False
Does 46 divide 21114?
True
Does 224 divide 10833?
False
Is 48 a factor of 2038?
False
Is 3589 a multiple of 7?
False
Does 7 divide 96?
False
Does 108 divide 41759?
False
Is 4540 a multiple of 4?
True
Is 26 a factor of 3430?
False
Is 312 a multiple of 39?
True
Is 28217 a multiple of 203?
True
Is 17 a factor of 53731?
False
Is 10981 a multiple of 6?
False
Is 3115 a multiple of 23?
False
Is 60844 a multiple of 21?
False
Is 8 a factor of 104?
True
Is 12 a factor of 48671?
False
Does 5 divide 103?
False
Is 304 a multiple of 7?
False
Does 182 divide 35370?
False
Is 219 a multiple of 4?
False
Is 765 a multiple of 17?
True
Does 11 divide 353?
False
Is 60 a factor of 344?
False
Does 27 divide 2403?
True
Is 841 a multiple of 28?
False
Is 8775 a multiple of 25?
True
Does 9 divide 13229?
False
Is 468 a multiple of 13?
True
Does 18 divide 936?
True
Is 25 a factor of 10228?
False
Does 13 divide 3292?
False
Does 28 divide 35140?
True
Does 4 divide 1023?
False
Is 20 a factor of 647?
False
Is 15473 a multiple of 16?
False
Is 23976 a multiple of 81?
True
Is 3 a factor of 1460?
False
Is 29936 a multiple of 232?
False
Is 228 a multiple of 7?
False
Is 1653 a multiple of 21?
False
Is 2754 a multiple of 18?
True
Is 461 a multiple of 2?
False
Does 14 divide 60?
False
Is 22 a factor of 9966?
True
Does 6 divide 240?
True
Is 4662 a multiple of 37?
True
Is 116 a factor of 9477?
False
Is 35 a factor of 105809?
False
Is 51 a factor of 1733?
False
Is 12441 a multiple of 11?
True
Is 85954 a multiple of 115?
False
Is 4 a factor of 694?
False
Is 31 a factor of 1457?
True
Does 11 divide 4470?
False
Does 16 divide 3152?
True
Does 25 divide 40160?
False
Is 14799 a multiple of 101?
False
Does 11 divide 22?
True
Does 45 divide 265?
False
Is 65526 a multiple of 163?
True
Does 9 divide 1800?
True
Is 1270 a multiple of 2?
True
Is 12 a factor of 17968?
False
Is 3523 a multiple of 41?
False
Does 13 divide 78?
True
Does 16 divide 796?
False
Does 3 divide 10370?
False
Is 17 a factor of 323?
True
Is 29 a factor of 1327?
False
Is 84 a factor of 672?
True
Is 6 a factor of 78?
True
Is 8580 a multiple of 6?
True
Is 2 a factor of 12515?
False
Does 76 divide 3136?
False
Is 42556 a multiple of 20?
False
Is 40 a factor of 25103?
False
Is 12502 a multiple of 47?
True
Does 34 divide 272?
True
Does 165 divide 1320?
True
Is 3603 a multiple of 3?
True
Is 15 a factor of 29385?
True
Is 30 a factor of 4560?
True
Does 5 divide 92?
False
Does 12 divide 660?
True
Is 60 a multiple of 12?
True
Is 2719 a multiple of 85?
False
Is 3 a factor of 3?
True
Is 169029 a multiple of 9?
True
Does 3 divide 5050?
False
Does 29 divide 4144?
False
Is 7 a factor of 1423?
False
Does 11 divide 3248?
False
Is 558 a multiple of 9?
True
Does 55 divide 1417?
False
Is 61425 a multiple of 65?
True
Is 2780 a multiple of 69?
False
Does 80 divide 5724?
False
Does 13 divide 6673?
False
Does 16 divide 3125?
False
Is 2219 a multiple of 6?
False
Is 4262 a multiple of 8?
False
Is 1898 a multiple of 26?
True
Is 957 a multiple of 3?
True
Is 9 a factor of 495?
True
Does 13 divide 4342?
True
Is 13 a factor of 8892?
True
Is 2340 a multiple of 12?
True
Is 38 a factor of 2432?
True
Does 22 divide 2531?
False
Is 12 a factor of 1204?
False
Is 39 a factor of 4496?
False
Is 30 a factor of 74?
False
Does 2 divide 61?
False
Does 100 divide 2100?
True
Does 16 divide 118064?
True
Does 344 divide 4128?
True
Is 24 a multiple of 12?
True
Is 31 a factor of 15696?
False
Does 2 divide 248?
True
Does 8 divide 224?
True
Does 91 divide 22809?
False
Is 6 a factor of 5280?
True
Is 65 a multiple of 13?
True
Is 22110 a multiple of 13?
False
Does 17 divide 3247?
True
Is 112 a multiple of 28?
True
Is 15 a factor of 11008?
False
Is 1680 a multiple of 16?
True
Is 114 a factor of 2247?
False
Is 13343 a multiple of 11?
True
Is 1560 a multiple of 15?
True
Does 10 divide 26150?
True
Does 11 divide 3113?
True
Is 6873 a multiple of 87?
True
Is 1041 a multiple of 37?
False
Is 23 a factor of 690?
True
Is 26 a factor of 11336?
True
Does 10 divide 295?
False
Does 7 divide 479?
False
Is 850 a multiple of 10?
True
Is 6 a factor of 2376?
True
Is 37 a factor of 2968?
False
Is 2521 a multiple of 85?
False
Is 23199 a multiple of 37?
True
Is 69 a factor of 1494?
False
Is 181 a factor of 19910?
True
Is 5 a factor of 75?
True
Does 5 divide 241?
False
Does 17 divide 85844?
False
Is 3 a factor of 1897?
False
Is 2 a factor of 16712?
True
Does 5 divide 234?
False
Does 16 divide 4176?
True
Is 51 a factor of 1269?
False
Is 11 a factor of 2970?
True
Does 17 divide 30?
False
Is 848 a multiple of 53?
True
Is 1012 a multiple of 46?
True
Is 2937 a multiple of 3?
True
Does 40 divide 2372?
False
Is 46746 a multiple of 14?
True
Is 5 a factor of 1150?
True
Is 25 a factor of 354?
False
Is 619 a multiple of 6?
False
Is 5050 a multiple of 25?
True
Does 195 divide 6106?
False
Is 69 a multiple of 2?
False
Does 34 divide 1530?
True
Is 12012 a multiple of 77?
True
Is 340 a multiple of 34?
True
Is 4708 a multiple of 11?
True
Does 51 divide 1039?
False
Does 5 divide 480?
True
Is 27 a factor of 459?
True
Is 6 a factor of 24?
True
Is 9747 a multiple of 22?
False
Is 15 a factor of 315?
True
Does 60 divide 56520?
True
Does 5 divide 63?
False
Does 28 divide 1624?
True
Is 17 a factor of 1360?
True
Does 45 divide 765?
True
Is 51840 a multiple of 40?
True
Is 1581 a multiple of 17?
True
Is 9 a factor of 2880?
True
Does 11 divide 43615?
True
Is 2976 a multiple of 96?
True
Does 18 divide 267?
False
Is 3 a factor of 11404?
False
Is 51 a factor of 277?
False
Is 15 a factor of 4388?
False
Is 440 a multiple of 40?
True
Is 58 a factor of 3084?
False
Does 4 divide 4?
True
Is 40 a factor of 960?
True
Is 120 a factor of 20640?
True
Does 14 divide 16217?
False
Does 7 divide 31?
False
Does 29 divide 6583?
True
Is 63 even?
False
Is 87 a multiple of 29?
True
Is 97164 a multiple of 88?
False
Is 84 a multiple of 3?
True
Is 10 a factor of 1086?
False
Is 795 a multiple of 15?
True
Is 8820 a multiple of 60?
True
Is 14 a factor of 612?
False
Is 750 a multiple of 39?
False
Is 30 a factor of 2400?
True
Is 30 a factor of 97?
False
Is 25 a factor of 1860?
False
Is 5513 a multiple of 165?
False
Does 117 divide 2223?
True
Is 140 a factor of 118054?
False
Does 109 divide 2280?
False
Is 543 a multiple of 33?
False
Is 36 a factor of 9000?
True
Is 240 a multiple of 16?
True
Is 53 a factor of 2597?
True
Is 11